of q?
5
Let o(m) = 10112*m**2 - 159*m - 322. What is the tens digit of o(-2)?
4
Suppose -3*u = -l + 350, 0*l + 4*l - 4*u - 1368 = 0. Suppose 0 = -3*j - 3, m + 3*j = l. What is the tens digit of m?
4
Suppose -3*j = 2*d - 25, -6*j - 5*d = -2*j - 24. Suppose 2*b + j = 5*n, n = -2*b + b + 5. Suppose 4*o + b*o = 666. What is the units digit of o?
1
Let j(k) = -1004*k**3 - 20*k - 39. What is the tens digit of j(-2)?
3
Let i(d) = d**3 - d**2 - 2*d - 1. Let u(x) = 7*x**3 - 39*x**2 - 49*x - 90. Let g(j) = 6*i(j) - u(j). What is the tens digit of g(34)?
8
Let r be (-2)/(2*(-7 + 4)/(-21)). Let b(h) = h**3 + 8*h**2 + 7*h + 6. Let f be b(r). What is the tens digit of f/(-39) - (-7065)/39?
8
Let y be 12/(-8)*436/(-3). Let a = y - 147. Let p = a + 45. What is the tens digit of p?
1
Suppose -y - 16 = -b + y, -2*b - 5*y = 4. Suppose 0 = -6*r + b*r. Suppose r = -a + 3*d + 82, 2*d - 5*d + 52 = a. What is the tens digit of a?
6
Suppose -97*u + 67530 = 9*u - 2220586. What is the thousands digit of u?
1
Let a be (764/(-10))/((-20)/400) + -3. Suppose 217 + a = 13*b. What is the hundreds digit of b?
1
Suppose 1260*y = 1295*y + 181112 - 1155477. What is the hundreds digit of y?
8
Let h(i) = 766*i**2 + 35*i + 63. What is the thousands digit of h(-4)?
2
Suppose 27*n - 53*n = -984379 + 193225. What is the hundreds digit of n?
4
Suppose 3*p + 5 = -5*s, -2*s = -0*p - 4*p + 28. What is the hundreds digit of ((-4)/((-8)/p))/((-9)/(-1296))?
3
Let x = -29106 + 42584. What is the tens digit of x?
7
Let a = -9 - -15. Suppose 8*k - a*k - 1908 = 0. Suppose 714 = 3*o + 3*r, -r - 2*r = 4*o - k. What is the units digit of o?
0
Let u be 3 - 1 - (24 + -3 - 4). Let c = u - -31. What is the units digit of 20/160 + 1230/c + 0?
7
What is the thousands digit of ((-6)/27)/((-94)/4939371)?
1
Suppose -46*g + 53364 = -42*g. Suppose -7*i + 5391 = -g. What is the units digit of ((-2)/(-4))/(6/i)?
3
What is the units digit of 2 + 3 + 32383/(-26)*-4?
7
Let f(p) = -p**2 + 151. Let s be f(0). Let o(q) = -9*q - 361. Let g be o(-40). What is the tens digit of s - 9*g/(-3)?
4
Let n(f) = f**3 + 25*f**2 - 23*f - 444. What is the tens digit of n(-18)?
3
Let f(g) = 70*g**2 - 38*g + 70. What is the tens digit of f(8)?
4
Let q(r) be the third derivative of 7*r**4/3 - 25*r**3/6 + 5*r**2 + 9*r. What is the tens digit of q(4)?
9
Let b = 414 - 414. Suppose 9*h + 16*h - 33025 = b. What is the thousands digit of h?
1
Let f = 144 + -18. Let p be f/(-3) - (-18)/(-6). Let t = -37 - p. What is the units digit of t?
8
Suppose 14*j = 13*j + 4. Suppose -2*c = j*c - 936. Suppose -4*q - 3*l = -c, -101 = -3*q - l + 16. What is the tens digit of q?
3
Let n = 335 - 335. Suppose 6*d - 2056 - 2402 = n. What is the units digit of d?
3
Suppose -5*j = 5*v - 5330, 4*v = j - 4*j + 4268. Let q = -598 + v. What is the units digit of q?
2
Let j(w) = w**3 + 2*w**2 - 4*w - 1. Let s be j(-3). Suppose 0 = s*r - 776 + 32. What is the hundreds digit of r?
3
Let t(r) = 608*r**2 - 193*r - 9. What is the ten thousands digit of t(7)?
2
Suppose -4*c = -16, 5*c = 3*g + 4*c - 36140. What is the tens digit of g?
4
Suppose 26 + 4 = 10*f. Suppose -f*g - h = -291, 2*h - 103 = -3*g + 188. What is the units digit of g?
7
Let u(w) = 5*w + 73. Let c be u(-37). What is the units digit of ((-9)/18)/(4/c)?
4
Suppose -12888 = -3*d - 3*l, 165*d + 4308 = 166*d - 3*l. What is the tens digit of d?
9
Let m(u) be the first derivative of u**3/3 + 11*u**2 + 26*u + 10. Let r be m(-21). Suppose 4*t + t - 179 = -z, r*z + 185 = 5*t. What is the tens digit of t?
3
Suppose f - 2 = 3*l, l - 14 = 5*f - 38. What is the units digit of 3 + 330 + (-4 - 1) + f?
3
Let u = 0 - -5. Suppose -3*o + u = 5. What is the tens digit of (-1*1304/8)/(o + -1)?
6
Suppose 200*d = 510*d - 15009580. What is the hundreds digit of d?
4
Suppose -2*i + 27*c + 5772 = 31*c, -5*i + 14442 = -2*c. What is the hundreds digit of i?
8
Let j = 338 - 335. What is the thousands digit of (-1 - j - -1) + 1299?
1
Suppose 3*u - 32*u = -10933. Suppose -n = -194 - u. What is the tens digit of n?
7
Let r(a) = a**2 + 384. Let d be r(0). Let l = d + -224. Suppose -x - l = -3*h + 4*x, 0 = 5*h + x - 304. What is the tens digit of h?
6
Suppose 14*w = 15*w + 11. Let x(i) = 3*i**2 + 15*i + 12. Let t be x(w). Suppose 32*j - t = 30*j. What is the hundreds digit of j?
1
Let c be 20 - 15 - ((-2)/1 - -4). What is the units digit of (-4)/(-2*(-15)/c)*-2380?
2
Let o be 36/(-48) - (-205)/(-4). Let q = o - -52. Let w(t) = t + 96. What is the units digit of w(q)?
6
Suppose 3*g = 41 - 149. Let a be (-92)/g - (-36)/81. Suppose -2*n = -3*l + 656, -a*l + 0*l + n = -658. What is the tens digit of l?
2
Let i(v) = 14*v**2 + 3*v + 2. Let f be 2/(-15) - 2821/105. Let m(c) = 2*c**2 + 54*c + 2. Let w be m(f). What is the tens digit of i(w)?
6
Let s(x) = -12*x**3 - 10*x**2 + 5*x + 136. What is the units digit of s(-8)?
0
Suppose 0 = 245*x - 238*x - 2751. Let n = x - 194. What is the units digit of n?
9
Let j = -12107 + 42603. What is the hundreds digit of j?
4
What is the hundreds digit of (36/(-8) - -5)*20354 + 3?
1
Let y be (2 - 86)*80/(-30). Let j = y + 160. What is the tens digit of j?
8
Let t = -178 + 175. What is the tens digit of t/(-4)*-4*-141?
2
Let w(s) = 10*s**2 - 33*s + 325. What is the hundreds digit of w(-36)?
4
Suppose -5*o - 5 = 2*q + 5, -5*o = -5*q + 45. What is the hundreds digit of ((-678)/o*1)/(8/16)?
3
Let j be (-1 + -2)*(3 + 20/(-3)). Suppose -5*i - 2*s = 16, 3*s + 0 = -i - j. What is the units digit of (i - (-99)/6)*(1 + 7)?
6
What is the tens digit of (-526)/6575 + (-2098506)/(-75)?
8
Suppose 8*u + 18 - 34 = 0. Let i = 130 - u. What is the units digit of i?
8
Suppose 0 = h + 2*g - 9401, 863*g - 861*g = -3*h + 28183. What is the units digit of h?
1
Suppose -32*b = 1315 - 4931. Let g be -1 + (2 + -1 - 52). Let t = b + g. What is the units digit of t?
1
What is the hundreds digit of 188/((-252)/1310 - (-65)/325)?
6
Suppose 5*g - 2*g = -0*g. Suppose g*u - 4*j = -2*u + 12, 0 = 5*u - 5*j - 15. Suppose 38*x - 39*x + 168 = u. What is the units digit of x?
8
Let o(t) = -t**3 + 3*t**2 + 6*t - 5. Let d be o(4). Suppose 1 = l - 2, d*z + 2*l + 18348 = 0. What is the hundreds digit of (-2)/8 - z/56?
1
Suppose 13 = -3*u - i, -i + 17 = u - 4*u. Let z(a) = 6 - 2476*a + 2477*a + 2*a**2 + a**2. What is the units digit of z(u)?
6
Suppose 0 = 29*x + 67*x - 976128. What is the ten thousands digit of x?
1
Suppose -2*f + p = -3*p + 4, p = -3*f + 8. Suppose -5*s + 3*h = -673, 6*h = -f*s + h + 294. What is the hundreds digit of s + 0 - (-1 - -5)/(-4)?
1
Let f(m) = -m - 10. Let h be -11 + 4/16*16/4. Let y be f(h). Suppose 4*t - 679 + 207 = y. What is the units digit of t?
8
Let a = 25881 + -16084. What is the hundreds digit of a?
7
Suppose 39*q + 63 = 32*q. Let v(m) be the second derivative of -4*m**3/3 - 4*m**2 + 3*m. What is the units digit of v(q)?
4
Suppose 63*v - 506839 = -13360. What is the thousands digit of v?
7
Suppose -204 = 3*m - 198, q - 5*m - 3498 = 0. What is the hundreds digit of q?
4
Let l(r) be the first derivative of r**3/3 - 3*r**2/2 - 128*r - 34. What is the tens digit of l(22)?
9
Let o(a) = 2*a**3 + 5*a**2 - 4*a + 3. Let d be o(3). Suppose 3 = -9*n + 48. Suppose 43 = w + 4*l, -4*w + d = n*l - 27. What is the units digit of w?
3
Let b = 15063 + -3180. What is the ten thousands digit of b?
1
Let z(u) = 5*u + 14. Let k(w) = -w - 26. Let r be k(-5). Let h be r/(-12)*8/2. What is the tens digit of z(h)?
4
What is the thousands digit of (-352)/66*(2 - 6494)?
4
Let n be (-9 + 1)*15*4/(-96). Suppose 4*o - 3*o + 5*t = 793, 2339 = 3*o + n*t. What is the units digit of o?
3
Let j be -2 + 3192 + (-4 - -6). Suppose -10*h + j = -15588. Suppose -16*x + 586 = -h. What is the tens digit of x?
5
Suppose -2 = f + 1. Let t(c) be the third derivative of c**6/120 + c**5/20 - c**4/6 + c**3/6 + 53*c**2. What is the tens digit of t(f)?
1
Suppose 752 - 2002 = -k + 4494. What is the tens digit of k?
4
Suppose -377 - 171 = -2*s. Let w(l) = 268*l + 2 + 1 - s*l - 12. What is the tens digit of w(-6)?
2
Suppose -831*z = -807*z - 514896. What is the units digit of z?
4
Let r = -655 - -660. Suppose 0 = 4*n - 4*s - 1912, n - 2*s + r*s = 490. What is the tens digit of n?
8
Let t be ((-329)/(-105) - 12/15)*-3. Let r(s) = -281*s + 152. What is the hundreds digit 